What is the tens digit of 217389349?
4
What is the thousands digit of 427392866?
2
What is the units digit of 302095494?
4
What is the ten millions digit of 549865598?
4
What is the hundred thousands digit of 23503494?
5
What is the tens digit of 253211702?
0
What is the billions digit of 3738902462?
3
What is the tens digit of 267712059?
5
What is the hundred millions digit of 164302008?
1
What is the thousands digit of 19958387?
8
What is the millions digit of 259498912?
9
What is the thousands digit of 318595305?
5
What is the tens digit of 15728234?
3
What is the ten millions digit of 206240417?
0
What is the units digit of 47096334?
4
What is the tens digit of 41437708?
0
What is the tens digit of 92965787?
8
What is the thousands digit of 475522837?
2
What is the millions digit of 527868473?
7
What is the millions digit of 66292113?
6
What is the hundred millions digit of 395544466?
3
What is the hundred millions digit of 102392043?
1
What is the millions digit of 889146170?
9
What is the ten thousands digit of 203650931?
5
What is the ten millions digit of 30486382?
3
What is the hundreds digit of 5139016383?
3
What is the units digit of 1139830030?
0
What is the hundreds digit of 8831306?
3
What is the units digit of 70054370?
0
What is the hundreds digit of 399368928?
9
What is the thousands digit of 47603448?
3
What is the millions digit of 31050450?
1
What is the millions digit of 74899960?
4
What is the hundreds digit of 73645683?
6
What is the tens digit of 553543910?
1
What is the tens digit of 45273900?
0
What is the tens digit of 25303485?
8
What is the thousands digit of 3136926309?
6
What is the hundreds digit of 7525890936?
9
What is the ten thousands digit of 639941346?
4
What is the millions digit of 12138382?
2
What is the hundred millions digit of 477598972?
4
What is the ten thousands digit of 36726078?
2
What is the tens digit of 43332213?
1
What is the thousands digit of 531348121?
8
What is the ten millions digit of 118356338?
1
What is the hundred thousands digit of 1171216313?
2
What is the hundreds digit of 2588376?
3
What is the units digit of 208412399?
9
What is the hundred thousands digit of 102897002?
8
What is the millions digit of 1247689008?
7
What is the millions digit of 399260517?
9
What is the tens digit of 557848978?
7
What is the hundreds digit of 35760689?
6
What is the hundred millions digit of 303084186?
3
What is the ten thousands digit of 1480748046?
4
What is the ten thousands digit of 1332586936?
8
What is the thousands digit of 12746340?
6
What is the millions digit of 1254065198?
4
What is the ten millions digit of 1876304752?
7
What is the thousands digit of 475440632?
0
What is the thousands digit of 6198679968?
9
What is the hundreds digit of 63216378?
3
What is the ten millions digit of 211054256?
1
What is the hundred thousands digit of 38325801?
3
What is the ten thousands digit of 81445496?
4
What is the ten thousands digit of 47909212?
0
What is the thousands digit of 2484924462?
4
What is the millions digit of 9848455?
9
What is the ten thousands digit of 2327397594?
9
What is the hundred millions digit of 317638883?
3
What is the ten thousands digit of 70399340?
9
What is the hundred millions digit of 676839339?
6
What is the ten thousands digit of 44363597?
6
What is the billions digit of 1533709879?
1
What is the thousands digit of 687180214?
0
What is the thousands digit of 114451358?
1
What is the hundred thousands digit of 27349514?
3
What is the hundred millions digit of 1069564215?
0
What is the ten thousands digit of 1710189?
1
What is the ten millions digit of 119841819?
1
What is the ten thousands digit of 51806311?
0
What is the ten millions digit of 123839159?
2
What is the hundred millions digit of 1342215585?
3
What is the hundreds digit of 103539233?
2
What is the ten millions digit of 25856895?
2
What is the millions digit of 9646070?
9
What is the billions digit of 1104650040?
1
What is the ten millions digit of 31499334?
3
What is the units digit of 2519724990?
0
What is the millions digit of 87225793?
7
What is the ten thousands digit of 813850?
1
What is the ten millions digit of 35039254?
3
What is the units digit of 60355592?
2
What is the ten millions digit of 83807276?
8
What is the units digit of 61977155?
5
What is the hundred thousands digit of 279533859?
5
What is the ten millions digit of 2849683443?
4
What is the billions digit of 2001032589?
2
What is the millions digit of 9416150?
9
What is the hundred thousands digit of 374308387?
3
What is the hundreds digit of 419823330?
3
What is the hundreds digit of 8032042021?
0
What is the hundred thousands digit of 39898460?
8
What is the millions digit of 292475894?
2
What is the millions digit of 25093914?
5
What is the tens digit of 30764280?
8
What is the units digit of 2667521512?
2
What is the units digit of 103553452?
2
What is the millions digit of 7501549?
7
What is the units digit of 4239213725?
5
What is the hundred thousands digit of 294554503?
5
What is the millions digit of 369223645?
9
What is the thousands digit of 3951779150?
9
What is the ten millions digit of 207592081?
0
What is the ten millions digit of 784672400?
8
What is the hundred millions digit of 508724588?
5
What is the ten millions digit of 2147688953?
4
What is the tens digit of 171249279?
7
What is the tens digit of 869787693?
9
What is the hundreds digit of 312421735?
7
What is the hundred thousands digit of 409286006?
2
What is the ten millions digit of 7971820521?
7
What is the hundreds digit of 6714608538?
5
What is the ten thousands digit of 3224634339?
3
What is the ten millions digit of 23658309?
2
What is the hundreds digit of 6423502?
5
What is the tens digit of 4953565?
6
What is the millions digit of 517543024?
7
What is the hundreds digit of 51815418?
4
What is the tens digit of 3561193?
9
What is the units digit of 9984350?
0
What is the ten millions digit of 24217372?
2
What is the hundred thousands digit of 392301440?
3
What is the thousands digit of 137881365?
1
What is the units digit of 122840375?
5
What is the thousands digit of 45622895?
2
What is the hundred thousands digit of 53345234?
3
What is the ten thousands digit of 181479970?
7
What is the ten thousands digit of 1199860732?
6
What is the tens digit of 62710623?
2
What is the tens digit of 8946387462?
6
What is the billions digit of 1275922079?
1
What is the units digit of 792534440?
0
What is the hundred millions digit of 973578296?
9
What is the ten thousands digit of 382918779?
1
What is the units digit of 49487909?
9
What is the ten thousands digit of 94256624?
5
What is the thousands digit of 19940961?
0
What is the thousands digit of 309618388?
8
What is the tens digit of 307455771?
7
What is the hundreds digit of 120809097?
0
What is the tens digit of 41265005?
0
What is the tens digit of 52563612?
1
What is the ten millions digit of 30930723?
3
What is the hundred thousands digit of 405948886?
9
What is the hundred millions digit of 208264577?
2
What is the units digit of 225777035?
5
What is the thousands digit of 242650070?
0
What is the units digit of 112133418?
8
What is the millions digit of 2952283727?
2
What is the ten thousands digit of 11357029?
5
What is the hundred thousands digit of 211391530?
3
What is the units digit of 202208293?
3
What is the hundred millions digit of 744486981?
7
What is the hundred thousands digit of 314078187?
0
What is the thousands digit of 24962060?
2
What is the ten millions digit of 6094809891?
9
What is the units digit of 212043887?
7
What is the hundreds digit of 455798312?
3
What is the ten thousands digit of 155818527?
1
What is the millions digit of 170330648?
0
What is the hundred thousands digit of 89331706?
3
What is the tens digit of 43378548?
4
What is the units digit of 795324646?
6
What is the thousands digit of 1082023869?
3
What is the units digit of 138791960?
0
What is the tens digit of 97082997?
9
What is the ten thousands digit of 758827407?
2
What is the ten thousands digit of 69813913?
1
What is the thousands digit of 420836927?
6
What is the thousands digit of 5332411?
2
What is the ten thousands digit of 1091637000?
3
What is the hundred millions digit of 228278158?
2
What i